hest common divisor of 2870 and 953085.
35
What is the highest common factor of 29535 and 10554735?
2685
Calculate the highest common divisor of 44130174 and 4092.
2046
Calculate the highest common divisor of 1445609 and 44.
11
Calculate the highest common divisor of 6680 and 47024528.
1336
What is the greatest common factor of 729840 and 163200?
240
Calculate the greatest common factor of 855702 and 3834630.
2466
What is the highest common factor of 357173665 and 355?
355
What is the highest common divisor of 3458784 and 65184?
672
What is the highest common divisor of 506574832 and 144?
16
Calculate the greatest common factor of 921216 and 150.
6
What is the greatest common divisor of 2059482600 and 6207?
6207
What is the greatest common factor of 2275 and 7006909?
91
What is the greatest common divisor of 123 and 30832861?
41
What is the greatest common factor of 28308333 and 3517?
3517
What is the highest common divisor of 96 and 29874944?
32
Calculate the greatest common factor of 18452 and 265310764.
2636
Calculate the greatest common divisor of 14090910 and 3984.
498
What is the highest common divisor of 420 and 1775940?
60
What is the greatest common factor of 42103 and 420817?
71
What is the greatest common factor of 104390 and 2101?
11
Calculate the highest common factor of 32 and 29896012.
4
What is the greatest common factor of 1361528102 and 506?
506
What is the highest common factor of 22515900 and 275?
275
Calculate the greatest common factor of 216095 and 4345.
55
What is the greatest common divisor of 3170 and 2536634?
634
What is the greatest common divisor of 55944 and 312120?
216
Calculate the highest common divisor of 9114466 and 2.
2
Calculate the greatest common factor of 5200205 and 40033.
817
Calculate the highest common factor of 453854 and 71222.
298
Calculate the highest common factor of 1021 and 29550803.
1021
Calculate the highest common divisor of 35 and 52604615.
35
What is the highest common divisor of 324 and 206656?
4
What is the highest common divisor of 10422962 and 42058?
2474
Calculate the highest common factor of 117812 and 46.
2
What is the greatest common factor of 1159 and 13603?
61
What is the highest common divisor of 119572662 and 948?
474
What is the greatest common factor of 86 and 22358581?
43
Calculate the highest common divisor of 633018375 and 375.
375
Calculate the greatest common divisor of 1901 and 93206030.
1901
Calculate the highest common divisor of 6 and 1327566.
6
Calculate the highest common divisor of 278222053 and 3358.
1679
Calculate the highest common factor of 1025837 and 3953.
67
Calculate the greatest common factor of 422 and 13393647.
211
Calculate the greatest common factor of 148 and 848468.
4
Calculate the highest common divisor of 1485 and 794695.
55
Calculate the greatest common divisor of 1910 and 183730.
10
What is the greatest common factor of 58 and 33445961?
29
What is the highest common factor of 8352 and 610762272?
2784
What is the greatest common factor of 701244 and 530190?
774
What is the greatest common factor of 3599372 and 1260?
28
Calculate the greatest common factor of 8 and 985692056.
8
What is the highest common divisor of 32087104 and 1624?
56
Calculate the highest common divisor of 9068 and 203164006.
4534
Calculate the highest common divisor of 393036 and 94836.
84
What is the greatest common divisor of 5142662 and 184?
46
What is the highest common factor of 2257806 and 201168?
762
What is the highest common divisor of 931048 and 72?
8
Calculate the highest common factor of 26805735 and 352815.
8205
What is the highest common divisor of 240096 and 86498?
122
Calculate the highest common divisor of 112 and 2060272.
16
What is the greatest common divisor of 11673537 and 10767?
111
What is the highest common divisor of 31 and 8703281?
31
Calculate the highest common factor of 3138828 and 2494.
86
Calculate the greatest common factor of 3358564 and 5476.
148
Calculate the greatest common divisor of 23 and 5395179.
23
Calculate the greatest common divisor of 14 and 6666562.
14
Calculate the highest common divisor of 2112 and 504256.
64
Calculate the highest common factor of 737469980 and 260.
260
What is the highest common factor of 59610972 and 336?
12
What is the greatest common factor of 2585 and 88379599?
517
Calculate the greatest common factor of 18 and 33783066.
18
Calculate the highest common factor of 310 and 23459200.
10
What is the highest common divisor of 54 and 42128784?
18
Calculate the greatest common factor of 833279520 and 2865.
2865
Calculate the highest common factor of 93446 and 842.
2
Calculate the highest common factor of 668050 and 5425.
775
Calculate the greatest common divisor of 231892472 and 56.
56
What is the greatest common divisor of 5 and 7600415?
5
What is the greatest common factor of 4403 and 1229389?
119
What is the greatest common divisor of 83 and 256618570?
83
Calculate the greatest common divisor of 341586693 and 98.
49
Calculate the highest common factor of 590387 and 14168.
161
Calculate the greatest common factor of 2340 and 9522500.
260
Calculate the greatest common factor of 593 and 1596983987.
593
Calculate the greatest common divisor of 7632660 and 12180.
420
What is the greatest common divisor of 15311 and 66307?
61
Calculate the greatest common divisor of 12788097 and 15368.
1921
Calculate the highest common divisor of 19112335 and 22.
11
What is the highest common factor of 9093609 and 80143?
749
What is the highest common divisor of 41985 and 1785451?
311
Calculate the highest common divisor of 2500189 and 809346.
3137
Calculate the greatest common divisor of 5525 and 289905590.
1105
What is the greatest common divisor of 54 and 530504127?
27
What is the greatest common divisor of 2356 and 49172?
76
Calculate the highest common divisor of 11175660 and 900.
180
What is the greatest common divisor of 121547430 and 210?
30
Calculate the greatest common factor of 62 and 791702056.
62
What is the greatest common factor of 71556 and 489636?
804
What is the greatest common factor of 390 and 141925810?
130
Calculate the greatest common factor of 909608 and 11880218.
6146
Calculate the greatest common factor of 187992970 and 68.
34
Calculate the highest common divisor of 285 and 1291729345.
95
What is the highest common factor of 233346960 and 1656?
1656
Calculate the highest common factor of 66 and 1122092862.
66
What is the greatest common divisor of 395955 and 3087?
63
Calculate the greatest common factor of 3099399 and 3932.
983
What is the greatest common factor of 275594 and 14872?
22
What is the highest common factor of 2 and 4163613?
1
What is the highest common divisor of 4844 and 17759?
7
Calculate the highest common divisor of 1948353 and 5313.
759
Calculate the highest common divisor of 302 and 1775652488.
302
What is the highest common factor of 3600 and 1075300?
100
What is the highest common divisor of 549 and 42254578?
61
Calculate the highest common factor of 42653 and 53539551.
2509
What is the highest common divisor of 547185 and 2505?
15
Calculate the highest common factor of 9097 and 41063.
11
Calculate the greatest common factor of 6135112 and 161.
23
What is the greatest common factor of 32379 and 735681?
753
Calculate the greatest common factor of 1029 and 2139.
3
What is the highest common factor of 90578057 and 17?
17
Calculate the greatest common factor of 44591019 and 264.
33
What is the highest common factor of 287267003 and 17?
17
Calculate the highest common divisor of 27 and 1380944268.
27
What is the highest common divisor of 1019211 and 26607?
543
What is the highest common divisor of 42206848 and 640?
128
What is the highest common factor of 250205 and 164245?
1535
What is the highest common factor of 3825 and 508765545?
765
What is the greatest common factor of 662911 and 82157?
29
Calculate the highest common factor of 22 and 1159323.
11
Calculate the highest common factor of 53380 and 9503.
17
What is the highest common divisor of 3171139 and 5?
1
What is the highest common factor of 2494980 and 1278?
18
Calculate the greatest common factor of 749740 and 9.
1
Calculate the highest common divisor of 52751187 and 561.
51
What is the greatest common divisor of 326 and 366448